{"id":180,"date":"2025-10-01T15:11:33","date_gmt":"2025-10-01T15:11:33","guid":{"rendered":"https:\/\/blester.es\/?page_id=180"},"modified":"2026-02-23T12:39:38","modified_gmt":"2026-02-23T12:39:38","slug":"aviso-legal","status":"publish","type":"page","link":"https:\/\/blester.es\/index.php\/aviso-legal\/","title":{"rendered":"Aviso Legal"},"content":{"rendered":"\t\t<div data-elementor-type=\"wp-page\" data-elementor-id=\"180\" class=\"elementor elementor-180\">\n\t\t\t\t<div class=\"elementor-element elementor-element-260fa4b e-flex e-con-boxed e-con e-parent\" data-id=\"260fa4b\" data-element_type=\"container\">\n\t\t\t\t\t<div class=\"e-con-inner\">\n\t\t\t\t<div class=\"elementor-element elementor-element-579d8a9 elementor-widget elementor-widget-spacer\" data-id=\"579d8a9\" data-element_type=\"widget\" data-widget_type=\"spacer.default\">\n\t\t\t\t\t\t\t<div class=\"elementor-spacer\">\n\t\t\t<div class=\"elementor-spacer-inner\"><\/div>\n\t\t<\/div>\n\t\t\t\t\t\t<\/div>\n\t\t\t\t<div class=\"elementor-element elementor-element-95d7422 elementor-widget elementor-widget-text-editor\" data-id=\"95d7422\" data-element_type=\"widget\" data-widget_type=\"text-editor.default\">\n\t\t\t\t\t\t\t\t\t<h3><strong>Datos identificativos<\/strong><\/h3><p>En cumplimiento con el deber de informaci\u00f3n general que, recogido en el art\u00edculo 10 de la Ley 34\/2002, de 11 de julio, de Servicios de la Sociedad de la Informaci\u00f3n y de Comercio Electr\u00f3nico, deben ofrecer los prestadores de servicios de la sociedad de informaci\u00f3n, a continuaci\u00f3n se reflejan los siguientes datos: La empresa titular de este website es\u00a0<strong>BLESTER S.L..<\/strong> con C.I.F: XXXXXXXXX y direcci\u00f3n en <strong>Plaza de la Magdalena, 9 2\u00aa planta, 41011 Sevilla<\/strong>. En adelante <b>BLESTER PROPERTY MANAGEMENT<\/b><\/p><h3><strong>Protecci\u00f3n de datos<\/strong><\/h3><p>En cumplimiento con lo dispuesto en la Ley Org\u00e1nica 15\/1999, de 13 de diciembre, de Protecci\u00f3n de Datos de Car\u00e1cter Personal (LOPD), te informamos de que los datos personales e informaci\u00f3n que incorpores al formulario electr\u00f3nico habilitado al efecto, ser\u00e1n incorporados en un fichero de datos titularidad de\u00a0<strong>BLESTER PROPERTY MANAGEMENT<\/strong>\u00a0La finalidad del tratamiento de tus datos es dar curso a tu solicitud de contacto o de petici\u00f3n de servicios.<\/p><p>Los datos solicitados \u00a0en el formulario con un asterisco son de car\u00e1cter obligatorio, salvo aquellos que no lo tienen. En el caso de no indicar los datos obligatorios, nos reservamos el derecho de no tramitar solicitudes incompletas.<\/p><p>La cumplimentaci\u00f3n de los campos de direcci\u00f3n de correo electr\u00f3nico y tel\u00e9fono m\u00f3vil implica tu consentimiento expreso para recibir comunicaciones, v\u00eda correo electr\u00f3nico con las finalidades antes descritas.<\/p><p>Podr\u00e1s ejercitar tus derechos de acceso, rectificaci\u00f3n, oposici\u00f3n y cancelaci\u00f3n comunic\u00e1ndolo por escrito a <strong>jrc@blester.es<\/strong><\/p><h3><strong>Varios<\/strong><\/h3><p>A.-\u00a0<strong>BLESTER<\/strong>\u00a0<b>PROPERTY MANAGEMENT<\/b>\u00a0utiliza cookies que se quedar\u00e1n almacenadas en el ordenador. Las cookies son peque\u00f1os archivos que nuestro ordenador env\u00eda al suyo, pero que no nos proporcionan informaci\u00f3n ni sobre su nombre, ni sobre cualquier dato de car\u00e1cter personal suyo. Cuando el usuario se encuentre navegando por las p\u00e1ginas web de <strong>BLESTER PROPERTY MANAGEMENT<\/strong>\u00a0el servidor donde se encuentra alojada reconoce autom\u00e1ticamente la direcci\u00f3n IP de su ordenador, el d\u00eda y la hora en la que comienza la visita, en la que abandona la visita, as\u00ed como informaci\u00f3n sobre las distintas secciones consultadas. Es necesario que el servidor conozca estos datos para poder comunicarse y enviarle la petici\u00f3n realizada y que a trav\u00e9s del navegador se pueda ver en la pantalla.<\/p><p>B.-\u00a0<strong>BLESTER PROPERTY MANAGEMENT<\/strong>\u00a0podr\u00e1 modificar, sin previo aviso, la informaci\u00f3n contenida en su sitio web, as\u00ed como su configuraci\u00f3n y presentaci\u00f3n.<\/p><p>C.-\u00a0<strong>BLESTER PROPERTY MANAGEMENT<\/strong>\u00a0se compromete a trav\u00e9s de este medio a NO REALIZAR PUBLICIDAD ENGA\u00d1OSA. A estos efectos, por lo tanto, no ser\u00e1n considerados como publicidad enga\u00f1osa los errores formales o num\u00e9ricos que puedan encontrarse a lo largo del contenido de las distintas secciones de la web de\u00a0<strong>BLESTER PROPERTY MANAGEMENT<\/strong>, producidos como consecuencia de un mantenimiento y\/o actualizaci\u00f3n incompleta o defectuosa de la informaci\u00f3n contenida es estas secciones.\u00a0<strong>BLESTER PROPERTY MANAGEMENT<\/strong>, como consecuencia de lo dispuesto en este apartado, se compromete a corregirlo tan pronto como tenga conocimiento de dichos errores.<\/p><p>D.-\u00a0<strong>BLESTER PROPERTY MANAGEMENT<\/strong>\u00a0se compromete a NO REMITIR COMUNICACIONES COMERCIALES SIN IDENTIFICARLAS COMO TALES, conforme a lo dispuesto en la Ley 34\/2002 de Servicios de la Sociedad de la Informaci\u00f3n y de comercio electr\u00f3nico. A estos efectos no ser\u00e1 considerado como comunicaci\u00f3n comercial toda la informaci\u00f3n que se env\u00ede A LOS CLIENTES de\u00a0<strong>BLESTER PROPERTY MANAGEMENT<\/strong>\u00a0siempre que tenga por finalidad el mantenimiento de la relaci\u00f3n contractual existente entre cliente y\u00a0<strong>BLESTER PROPERTY MANAGEMENT<\/strong>, as\u00ed como el desempe\u00f1o de las tareas de informaci\u00f3n, formaci\u00f3n y otras actividades propias del servicio que el cliente tiene contratado con la empresa.<\/p><p>E.-\u00a0<strong>BLESTER PROPERTY MANAGEMENT<\/strong>\u00a0no se hace responsable del incumplimiento de cualquier norma aplicable en que pueda incurrir el usuario en su acceso al sitio web y\/o en el uso de las informaciones contenidas en el mismo.<\/p>\t\t\t\t\t\t\t\t<\/div>\n\t\t\t\t\t<\/div>\n\t\t\t\t<\/div>\n\t\t<div class=\"elementor-element elementor-element-fe3ae2e e-flex e-con-boxed e-con e-parent\" data-id=\"fe3ae2e\" data-element_type=\"container\">\n\t\t\t\t\t<div class=\"e-con-inner\">\n\t\t\t\t<div class=\"elementor-element elementor-element-4ae30b6 elementor-widget elementor-widget-spacer\" data-id=\"4ae30b6\" data-element_type=\"widget\" data-widget_type=\"spacer.default\">\n\t\t\t\t\t\t\t<div class=\"elementor-spacer\">\n\t\t\t<div class=\"elementor-spacer-inner\"><\/div>\n\t\t<\/div>\n\t\t\t\t\t\t<\/div>\n\t\t\t\t\t<\/div>\n\t\t\t\t<\/div>\n\t\t\t\t<\/div>\n\t\t","protected":false},"excerpt":{"rendered":"<p>Datos identificativos En cumplimiento con el deber de informaci\u00f3n general que, recogido en el art\u00edculo 10 de la Ley 34\/2002, de 11 de julio, de Servicios de la Sociedad de la Informaci\u00f3n y de Comercio Electr\u00f3nico, deben ofrecer los prestadores de servicios de la sociedad de informaci\u00f3n, a continuaci\u00f3n se reflejan los siguientes datos: La<br \/><a class=\"moretag\" href=\"https:\/\/blester.es\/index.php\/aviso-legal\/\">+ Read More<\/a><\/p>\n","protected":false},"author":1,"featured_media":0,"parent":0,"menu_order":0,"comment_status":"closed","ping_status":"closed","template":"templates\/builder-fullwidth-std.php","meta":{"footnotes":""},"class_list":["post-180","page","type-page","status-publish","hentry"],"yoast_head":"<!-- This site is optimized with the Yoast SEO plugin v26.2 - https:\/\/yoast.com\/wordpress\/plugins\/seo\/ -->\n<title>Aviso Legal -<\/title>\n<meta name=\"robots\" content=\"index, follow, max-snippet:-1, max-image-preview:large, max-video-preview:-1\" \/>\n<link rel=\"canonical\" href=\"https:\/\/blester.es\/index.php\/aviso-legal\/\" \/>\n<meta property=\"og:locale\" content=\"es_ES\" \/>\n<meta property=\"og:type\" content=\"article\" \/>\n<meta property=\"og:title\" content=\"Aviso Legal -\" \/>\n<meta property=\"og:description\" content=\"Datos identificativos En cumplimiento con el deber de informaci\u00f3n general que, recogido en el art\u00edculo 10 de la Ley 34\/2002, de 11 de julio, de Servicios de la Sociedad de la Informaci\u00f3n y de Comercio Electr\u00f3nico, deben ofrecer los prestadores de servicios de la sociedad de informaci\u00f3n, a continuaci\u00f3n se reflejan los siguientes datos: La+ Read More\" \/>\n<meta property=\"og:url\" content=\"https:\/\/blester.es\/index.php\/aviso-legal\/\" \/>\n<meta property=\"article:modified_time\" content=\"2026-02-23T12:39:38+00:00\" \/>\n<script type=\"application\/ld+json\" class=\"yoast-schema-graph\">{\"@context\":\"https:\/\/schema.org\",\"@graph\":[{\"@type\":\"WebPage\",\"@id\":\"https:\/\/blester.es\/index.php\/aviso-legal\/\",\"url\":\"https:\/\/blester.es\/index.php\/aviso-legal\/\",\"name\":\"Aviso Legal -\",\"isPartOf\":{\"@id\":\"https:\/\/blester.es\/#website\"},\"datePublished\":\"2025-10-01T15:11:33+00:00\",\"dateModified\":\"2026-02-23T12:39:38+00:00\",\"breadcrumb\":{\"@id\":\"https:\/\/blester.es\/index.php\/aviso-legal\/#breadcrumb\"},\"inLanguage\":\"es\",\"potentialAction\":[{\"@type\":\"ReadAction\",\"target\":[\"https:\/\/blester.es\/index.php\/aviso-legal\/\"]}]},{\"@type\":\"BreadcrumbList\",\"@id\":\"https:\/\/blester.es\/index.php\/aviso-legal\/#breadcrumb\",\"itemListElement\":[{\"@type\":\"ListItem\",\"position\":1,\"name\":\"Portada\",\"item\":\"https:\/\/blester.es\/\"},{\"@type\":\"ListItem\",\"position\":2,\"name\":\"Aviso Legal\"}]},{\"@type\":\"WebSite\",\"@id\":\"https:\/\/blester.es\/#website\",\"url\":\"https:\/\/blester.es\/\",\"name\":\"Blester Property Management\",\"description\":\"Gesti\u00f3n Integral de Inmuebles en Alquiler\",\"publisher\":{\"@id\":\"https:\/\/blester.es\/#organization\"},\"potentialAction\":[{\"@type\":\"SearchAction\",\"target\":{\"@type\":\"EntryPoint\",\"urlTemplate\":\"https:\/\/blester.es\/?s={search_term_string}\"},\"query-input\":{\"@type\":\"PropertyValueSpecification\",\"valueRequired\":true,\"valueName\":\"search_term_string\"}}],\"inLanguage\":\"es\"},{\"@type\":\"Organization\",\"@id\":\"https:\/\/blester.es\/#organization\",\"name\":\"Blester Property Management\",\"url\":\"https:\/\/blester.es\/\",\"logo\":{\"@type\":\"ImageObject\",\"inLanguage\":\"es\",\"@id\":\"https:\/\/blester.es\/#\/schema\/logo\/image\/\",\"url\":\"https:\/\/blester.es\/wp-content\/uploads\/2025\/09\/cropped-cropped-logo-blester.jpg\",\"contentUrl\":\"https:\/\/blester.es\/wp-content\/uploads\/2025\/09\/cropped-cropped-logo-blester.jpg\",\"width\":150,\"height\":150,\"caption\":\"Blester Property Management\"},\"image\":{\"@id\":\"https:\/\/blester.es\/#\/schema\/logo\/image\/\"}}]}<\/script>\n<!-- \/ Yoast SEO plugin. -->","yoast_head_json":{"title":"Aviso Legal -","robots":{"index":"index","follow":"follow","max-snippet":"max-snippet:-1","max-image-preview":"max-image-preview:large","max-video-preview":"max-video-preview:-1"},"canonical":"https:\/\/blester.es\/index.php\/aviso-legal\/","og_locale":"es_ES","og_type":"article","og_title":"Aviso Legal -","og_description":"Datos identificativos En cumplimiento con el deber de informaci\u00f3n general que, recogido en el art\u00edculo 10 de la Ley 34\/2002, de 11 de julio, de Servicios de la Sociedad de la Informaci\u00f3n y de Comercio Electr\u00f3nico, deben ofrecer los prestadores de servicios de la sociedad de informaci\u00f3n, a continuaci\u00f3n se reflejan los siguientes datos: La+ Read More","og_url":"https:\/\/blester.es\/index.php\/aviso-legal\/","article_modified_time":"2026-02-23T12:39:38+00:00","schema":{"@context":"https:\/\/schema.org","@graph":[{"@type":"WebPage","@id":"https:\/\/blester.es\/index.php\/aviso-legal\/","url":"https:\/\/blester.es\/index.php\/aviso-legal\/","name":"Aviso Legal -","isPartOf":{"@id":"https:\/\/blester.es\/#website"},"datePublished":"2025-10-01T15:11:33+00:00","dateModified":"2026-02-23T12:39:38+00:00","breadcrumb":{"@id":"https:\/\/blester.es\/index.php\/aviso-legal\/#breadcrumb"},"inLanguage":"es","potentialAction":[{"@type":"ReadAction","target":["https:\/\/blester.es\/index.php\/aviso-legal\/"]}]},{"@type":"BreadcrumbList","@id":"https:\/\/blester.es\/index.php\/aviso-legal\/#breadcrumb","itemListElement":[{"@type":"ListItem","position":1,"name":"Portada","item":"https:\/\/blester.es\/"},{"@type":"ListItem","position":2,"name":"Aviso Legal"}]},{"@type":"WebSite","@id":"https:\/\/blester.es\/#website","url":"https:\/\/blester.es\/","name":"Blester Property Management","description":"Gesti\u00f3n Integral de Inmuebles en Alquiler","publisher":{"@id":"https:\/\/blester.es\/#organization"},"potentialAction":[{"@type":"SearchAction","target":{"@type":"EntryPoint","urlTemplate":"https:\/\/blester.es\/?s={search_term_string}"},"query-input":{"@type":"PropertyValueSpecification","valueRequired":true,"valueName":"search_term_string"}}],"inLanguage":"es"},{"@type":"Organization","@id":"https:\/\/blester.es\/#organization","name":"Blester Property Management","url":"https:\/\/blester.es\/","logo":{"@type":"ImageObject","inLanguage":"es","@id":"https:\/\/blester.es\/#\/schema\/logo\/image\/","url":"https:\/\/blester.es\/wp-content\/uploads\/2025\/09\/cropped-cropped-logo-blester.jpg","contentUrl":"https:\/\/blester.es\/wp-content\/uploads\/2025\/09\/cropped-cropped-logo-blester.jpg","width":150,"height":150,"caption":"Blester Property Management"},"image":{"@id":"https:\/\/blester.es\/#\/schema\/logo\/image\/"}}]}},"_links":{"self":[{"href":"https:\/\/blester.es\/index.php\/wp-json\/wp\/v2\/pages\/180","targetHints":{"allow":["GET"]}}],"collection":[{"href":"https:\/\/blester.es\/index.php\/wp-json\/wp\/v2\/pages"}],"about":[{"href":"https:\/\/blester.es\/index.php\/wp-json\/wp\/v2\/types\/page"}],"author":[{"embeddable":true,"href":"https:\/\/blester.es\/index.php\/wp-json\/wp\/v2\/users\/1"}],"replies":[{"embeddable":true,"href":"https:\/\/blester.es\/index.php\/wp-json\/wp\/v2\/comments?post=180"}],"version-history":[{"count":37,"href":"https:\/\/blester.es\/index.php\/wp-json\/wp\/v2\/pages\/180\/revisions"}],"predecessor-version":[{"id":1084,"href":"https:\/\/blester.es\/index.php\/wp-json\/wp\/v2\/pages\/180\/revisions\/1084"}],"wp:attachment":[{"href":"https:\/\/blester.es\/index.php\/wp-json\/wp\/v2\/media?parent=180"}],"curies":[{"name":"wp","href":"https:\/\/api.w.org\/{rel}","templated":true}]}}